{"id":271,"date":"2018-03-01T15:37:00","date_gmt":"2018-03-01T15:37:00","guid":{"rendered":"http:\/\/bridge168.qodeinteractive.com\/?page_id=271"},"modified":"2018-09-16T10:57:09","modified_gmt":"2018-09-16T07:57:09","slug":"program","status":"publish","type":"page","link":"http:\/\/tedxkas.com\/index.php\/program\/","title":{"rendered":"Program"},"content":{"rendered":"<section class=\"wpb-content-wrapper\"><p>[vc_row css_animation=&#8221;&#8221; row_type=&#8221;row&#8221; use_row_as_full_screen_section=&#8221;no&#8221; type=&#8221;full_width&#8221; angled_section=&#8221;no&#8221; text_align=&#8221;left&#8221; background_image_as_pattern=&#8221;without_pattern&#8221; z_index=&#8221;5&#8243;][vc_column][vc_row_inner row_type=&#8221;row&#8221; use_as_box=&#8221;use_row_as_box&#8221; type=&#8221;grid&#8221; text_align=&#8221;left&#8221; css_animation=&#8221;&#8221; css=&#8221;.vc_custom_1536835224620{padding-top: 100px !important;padding-bottom: 20px !important;}&#8221;][vc_column_inner offset=&#8221;vc_col-lg-4 vc_col-md-12&#8243;][qode_elements_holder number_of_columns=&#8221;one_column&#8221;][qode_elements_holder_item item_padding=&#8221;0 54px 0 0px&#8221; advanced_animations=&#8221;no&#8221;][vc_column_text]<\/p>\n<h5><span style=\"color: #ff0000;\">15 Eyl\u00fcl 2018 Cumartesi<\/span><\/h5>\n<p>[\/vc_column_text][vc_empty_space height=&#8221;1px&#8221; css=&#8221;.vc_custom_1519827702694{margin-top: -10px !important;}&#8221;][vc_column_text]<\/p>\n<h2><span style=\"color: #000000;\">G\u00dcN\u00dcN PROGRAMI<\/span><\/h2>\n<p>[\/vc_column_text][vc_separator type=&#8221;normal&#8221; color=&#8221;#ff0000&#8243; thickness=&#8221;1&#8243;][\/qode_elements_holder_item][\/qode_elements_holder][\/vc_column_inner][vc_column_inner offset=&#8221;vc_col-lg-4 vc_col-md-12&#8243;][qode_elements_holder number_of_columns=&#8221;one_column&#8221;][qode_elements_holder_item item_padding=&#8221;0 54px 0 0px&#8221; advanced_animations=&#8221;no&#8221; item_padding_768_1024=&#8221;50px 54px 0 0px&#8221; item_padding_480=&#8221;50px 54px 0 0px&#8221;][vc_column_text]<\/p>\n<h5><span style=\"color: #ff0000;\">Etkinlik Saati<\/span><\/h5>\n<p>[\/vc_column_text][vc_empty_space height=&#8221;1px&#8221; css=&#8221;.vc_custom_1519827702694{margin-top: -10px !important;}&#8221;][vc_column_text]<\/p>\n<h2><span style=\"color: #000000;\">18:00-23:00<\/span><\/h2>\n<p>[\/vc_column_text][vc_separator type=&#8221;normal&#8221; color=&#8221;#ff0000&#8243; thickness=&#8221;1&#8243;][\/qode_elements_holder_item][\/qode_elements_holder][\/vc_column_inner][vc_column_inner offset=&#8221;vc_col-lg-4 vc_col-md-12&#8243;][qode_elements_holder number_of_columns=&#8221;one_column&#8221;][qode_elements_holder_item item_padding=&#8221;0 54px 0 0px&#8221; advanced_animations=&#8221;no&#8221; item_padding_768_1024=&#8221;50px 54px 0 0px&#8221; item_padding_480=&#8221;50px 54px 0 0px&#8221;][vc_column_text]<\/p>\n<h5><span style=\"color: #ff0000;\">Etkinlik Yeri<\/span><\/h5>\n<p>[\/vc_column_text][vc_empty_space height=&#8221;1px&#8221; css=&#8221;.vc_custom_1519827702694{margin-top: -10px !important;}&#8221;][vc_column_text]<\/p>\n<h2><span style=\"color: #000000;\">D\u00fc\u015fler Akademisi Ka\u015f<\/span><\/h2>\n<p>[\/vc_column_text][vc_separator type=&#8221;normal&#8221; color=&#8221;#ff0000&#8243; thickness=&#8221;1&#8243;][\/qode_elements_holder_item][\/qode_elements_holder][\/vc_column_inner][\/vc_row_inner][vc_row_inner row_type=&#8221;row&#8221; type=&#8221;grid&#8221; text_align=&#8221;left&#8221; css_animation=&#8221;&#8221; css=&#8221;.vc_custom_1536851714576{padding-top: 20px !important;padding-bottom: 190px !important;}&#8221;][vc_column_inner offset=&#8221;vc_col-lg-4 vc_col-md-12&#8243;][qode_elements_holder number_of_columns=&#8221;one_column&#8221;][qode_elements_holder_item item_padding=&#8221;0 54px 0 0px&#8221; advanced_animations=&#8221;no&#8221;][vc_column_text]<\/p>\n<h5><span style=\"color: #ff0000;\">17:00<br \/>\n<\/span><\/h5>\n<p>[\/vc_column_text][vc_empty_space height=&#8221;1px&#8221; css=&#8221;.vc_custom_1519827702694{margin-top: -10px !important;}&#8221;][vc_column_text]Kap\u0131 A\u00e7\u0131l\u0131\u015f[\/vc_column_text][vc_empty_space height=&#8221;12px&#8221;][vc_column_text]<\/p>\n<h5><span style=\"color: #ff0000;\">17:30 &#8211; 18:15<\/span><\/h5>\n<p>[\/vc_column_text][vc_empty_space height=&#8221;1px&#8221; css=&#8221;.vc_custom_1519827702694{margin-top: -10px !important;}&#8221;][vc_column_text]Tematik Videolar[\/vc_column_text][vc_empty_space height=&#8221;12px&#8221;][vc_column_text]<\/p>\n<h5><span style=\"color: #ff0000;\">18:15 &#8211; 18:25<\/span><\/h5>\n<p>[\/vc_column_text][vc_empty_space height=&#8221;1px&#8221; css=&#8221;.vc_custom_1519827702694{margin-top: -10px !important;}&#8221;][vc_column_text]A\u00c7ILI\u015e konu\u015fmas\u0131<br \/>\n(Moderasyon: Dize Kandu)[\/vc_column_text][\/qode_elements_holder_item][\/qode_elements_holder][\/vc_column_inner][vc_column_inner offset=&#8221;vc_col-lg-4 vc_col-md-12&#8243;][qode_elements_holder number_of_columns=&#8221;one_column&#8221;][qode_elements_holder_item item_padding=&#8221;0 54px 0 0px&#8221; advanced_animations=&#8221;no&#8221; item_padding_768_1024=&#8221;50px 54px 0 0px&#8221; item_padding_480=&#8221;50px 54px 0 0px&#8221;][vc_column_text]<\/p>\n<h5>B\u00f6l\u00fcm 1 \/ ESCAPE &#8211; KA\u00c7I\u015e<\/h5>\n<p>[\/vc_column_text][vc_empty_space height=&#8221;24px&#8221;][vc_column_text]<\/p>\n<h5><span style=\"color: #ff0000;\">18:25 &#8211; 18:45<\/span><\/h5>\n<p>[\/vc_column_text][vc_empty_space height=&#8221;1px&#8221; css=&#8221;.vc_custom_1519827702694{margin-top: -10px !important;}&#8221;][vc_column_text]Murat \u015einik\u00e7i<br \/>\nRuhubir Olmak, Hareket ve \u0130leti\u015fimin Ba\u015flang\u0131c\u0131[\/vc_column_text][vc_empty_space height=&#8221;12px&#8221;][vc_column_text]<\/p>\n<h5><span style=\"color: #ff0000;\">18:45 &#8211; 19:05<\/span><\/h5>\n<p>[\/vc_column_text][vc_empty_space height=&#8221;1px&#8221; css=&#8221;.vc_custom_1519827702694{margin-top: -10px !important;}&#8221;][vc_column_text]Canay Atalay<br \/>\nGelece\u011fe haz\u0131r olmak m\u0131 istiyorsunuz? \u00c7ocuklar\u0131 takip edin[\/vc_column_text][vc_empty_space height=&#8221;12px&#8221;][vc_column_text]<\/p>\n<h5><span style=\"color: #ff0000;\">19:05 &#8211; 19:25<\/span><\/h5>\n<p>[\/vc_column_text][vc_empty_space height=&#8221;1px&#8221; css=&#8221;.vc_custom_1519827702694{margin-top: -10px !important;}&#8221;][vc_column_text]Tematik Videolar[\/vc_column_text][vc_empty_space height=&#8221;12px&#8221;][vc_column_text]<\/p>\n<h5><span style=\"color: #ff0000;\">19:25 &#8211; 19:45<\/span><\/h5>\n<p>[\/vc_column_text][vc_empty_space height=&#8221;1px&#8221; css=&#8221;.vc_custom_1519827702694{margin-top: -10px !important;}&#8221;][vc_column_text]Aylin Asl\u0131m<br \/>\nM\u00fczikle Kalmak \u0130\u00e7in Zorunlu G\u00f6\u00e7[\/vc_column_text][vc_empty_space height=&#8221;12px&#8221;][vc_column_text]<\/p>\n<h5><span style=\"color: #ff0000;\">19:45 &#8211; 20:05<\/span><\/h5>\n<p>[\/vc_column_text][vc_empty_space height=&#8221;1px&#8221; css=&#8221;.vc_custom_1519827702694{margin-top: -10px !important;}&#8221;][vc_column_text]\u0130rem \u00c7a\u011f\u0131l<br \/>\nK\u00fcresel K\u00f6yde Evsizlik, T\u00fcrkiye&#8217;de Yeni K\u00f6yl\u00fcl\u00fck[\/vc_column_text][vc_empty_space height=&#8221;12px&#8221;][vc_column_text]<\/p>\n<h5><span style=\"color: #ff0000;\">20:10 &#8211; 20:40<\/span><\/h5>\n<p>[\/vc_column_text][vc_empty_space height=&#8221;1px&#8221; css=&#8221;.vc_custom_1519827702694{margin-top: -10px !important;}&#8221;][vc_column_text]ARA \/ \u0130KRAMLAR<br \/>\n\u00c7ay, kahve, kurabiye[\/vc_column_text][\/qode_elements_holder_item][\/qode_elements_holder][\/vc_column_inner][vc_column_inner offset=&#8221;vc_col-lg-4 vc_col-md-12&#8243;][qode_elements_holder number_of_columns=&#8221;one_column&#8221;][qode_elements_holder_item item_padding=&#8221;0 54px 0 0px&#8221; advanced_animations=&#8221;no&#8221; item_padding_768_1024=&#8221;50px 54px 0 0px&#8221; item_padding_480=&#8221;50px 54px 0 0px&#8221;][vc_column_text]<\/p>\n<h5>B\u00f6l\u00fcm 2 \/ THE FUTURE &#8211; GELECEK<\/h5>\n<p>[\/vc_column_text][vc_empty_space height=&#8221;24px&#8221;][vc_column_text]<\/p>\n<h5><span style=\"color: #ff0000;\">20:40 &#8211; 21:00<\/span><\/h5>\n<p>[\/vc_column_text][vc_empty_space height=&#8221;1px&#8221; css=&#8221;.vc_custom_1519827702694{margin-top: -10px !important;}&#8221;][vc_column_text]Merve Tekin<br \/>\nTopra\u011fa D\u00f6nmenin \u0130\u00e7 Sesi, Oba Ruhunu Aray\u0131\u015f[\/vc_column_text][vc_empty_space height=&#8221;12px&#8221;][vc_column_text]<\/p>\n<h5><span style=\"color: #ff0000;\">21:00 &#8211; 21:15<\/span><\/h5>\n<p>[\/vc_column_text][vc_empty_space height=&#8221;1px&#8221; css=&#8221;.vc_custom_1519827702694{margin-top: -10px !important;}&#8221;][vc_column_text]\u00c7a\u011fla Karaali<br \/>\n\u00d6\u011frenmek \u0130\u00e7in Okulu B\u0131rakt\u0131m[\/vc_column_text][vc_empty_space height=&#8221;12px&#8221;][vc_column_text]<\/p>\n<h5><span style=\"color: #ff0000;\">21:15 &#8211; 21:35<\/span><\/h5>\n<p>[\/vc_column_text][vc_empty_space height=&#8221;1px&#8221; css=&#8221;.vc_custom_1519827702694{margin-top: -10px !important;}&#8221;][vc_column_text]Mert Eyiler<br \/>\nGelecek Bize Gelmez, Biz Ona Geliriz[\/vc_column_text][vc_empty_space height=&#8221;12px&#8221;][vc_column_text]<\/p>\n<h5><span style=\"color: #ff0000;\">21:40 &#8211; 22:00<\/span><\/h5>\n<p>[\/vc_column_text][vc_empty_space height=&#8221;1px&#8221; css=&#8221;.vc_custom_1519827702694{margin-top: -10px !important;}&#8221;][vc_column_text]Ercan Tutal<br \/>\nDenize Ula\u015fabilen Carettalar[\/vc_column_text][vc_empty_space height=&#8221;12px&#8221;][vc_column_text]<\/p>\n<h5><span style=\"color: #ff0000;\">22:00 &#8211; 22:20<\/span><\/h5>\n<p>[\/vc_column_text][vc_empty_space height=&#8221;1px&#8221; css=&#8221;.vc_custom_1519827702694{margin-top: -10px !important;}&#8221;][vc_column_text]Social Inclusion Band<br \/>\nDinleti[\/vc_column_text][vc_empty_space height=&#8221;12px&#8221;][vc_column_text]<\/p>\n<h5><span style=\"color: #ff0000;\">22:20 &#8211; 22:30<\/span><\/h5>\n<p>[\/vc_column_text][vc_empty_space height=&#8221;1px&#8221; css=&#8221;.vc_custom_1519827702694{margin-top: -10px !important;}&#8221;][vc_column_text]F\u0130NAL Konu\u015fmas\u0131[\/vc_column_text][\/qode_elements_holder_item][\/qode_elements_holder][\/vc_column_inner][\/vc_row_inner][\/vc_column][\/vc_row][vc_row css_animation=&#8221;&#8221; row_type=&#8221;row&#8221; use_row_as_full_screen_section=&#8221;no&#8221; type=&#8221;full_width&#8221; angled_section=&#8221;no&#8221; text_align=&#8221;left&#8221; background_image_as_pattern=&#8221;without_pattern&#8221; row_negative_margin=&#8221;disable_negative_margin&#8221; z_index=&#8221;6&#8243;][vc_column][image_slider_no_space on_click=&#8221;prettyphoto&#8221; height=&#8221;400&#8243; navigation_style=&#8221;light&#8221; highlight_active_image=&#8221;yes&#8221; highlight_inactive_opacity=&#8221;0.5&#8243; images=&#8221;487,488,489,490,491,492,493,494&#8243; highlight_inactive_color=&#8221;#000000&#8243;][\/vc_column][\/vc_row]<\/p>\n<\/section>","protected":false},"excerpt":{"rendered":"<p>[vc_row css_animation=&#8221;&#8221; row_type=&#8221;row&#8221; use_row_as_full_screen_section=&#8221;no&#8221; type=&#8221;full_width&#8221; angled_section=&#8221;no&#8221; text_align=&#8221;left&#8221; background_image_as_pattern=&#8221;without_pattern&#8221; z_index=&#8221;5&#8243;][vc_column][vc_row_inner row_type=&#8221;row&#8221; use_as_box=&#8221;use_row_as_box&#8221; type=&#8221;grid&#8221; text_align=&#8221;left&#8221; css_animation=&#8221;&#8221; css=&#8221;.vc_custom_1536835224620{padding-top: 100px !important;padding-bottom: 20px !important;}&#8221;][vc_column_inner offset=&#8221;vc_col-lg-4 vc_col-md-12&#8243;][qode_elements_holder number_of_columns=&#8221;one_column&#8221;][qode_elements_holder_item item_padding=&#8221;0 54px 0 0px&#8221; advanced_animations=&#8221;no&#8221;][vc_column_text] 15 Eyl\u00fcl 2018 Cumartesi [\/vc_column_text][vc_empty_space height=&#8221;1px&#8221; css=&#8221;.vc_custom_1519827702694{margin-top: -10px !important;}&#8221;][vc_column_text] G\u00dcN\u00dcN PROGRAMI [\/vc_column_text][vc_separator type=&#8221;normal&#8221; color=&#8221;#ff0000&#8243; thickness=&#8221;1&#8243;][\/qode_elements_holder_item][\/qode_elements_holder][\/vc_column_inner][vc_column_inner offset=&#8221;vc_col-lg-4 vc_col-md-12&#8243;][qode_elements_holder number_of_columns=&#8221;one_column&#8221;][qode_elements_holder_item&#8230;<\/p>\n","protected":false},"author":1,"featured_media":0,"parent":0,"menu_order":0,"comment_status":"closed","ping_status":"closed","template":"full_width.php","meta":{"content-type":"","footnotes":""},"_links":{"self":[{"href":"http:\/\/tedxkas.com\/index.php\/wp-json\/wp\/v2\/pages\/271"}],"collection":[{"href":"http:\/\/tedxkas.com\/index.php\/wp-json\/wp\/v2\/pages"}],"about":[{"href":"http:\/\/tedxkas.com\/index.php\/wp-json\/wp\/v2\/types\/page"}],"author":[{"embeddable":true,"href":"http:\/\/tedxkas.com\/index.php\/wp-json\/wp\/v2\/users\/1"}],"replies":[{"embeddable":true,"href":"http:\/\/tedxkas.com\/index.php\/wp-json\/wp\/v2\/comments?post=271"}],"version-history":[{"count":8,"href":"http:\/\/tedxkas.com\/index.php\/wp-json\/wp\/v2\/pages\/271\/revisions"}],"predecessor-version":[{"id":546,"href":"http:\/\/tedxkas.com\/index.php\/wp-json\/wp\/v2\/pages\/271\/revisions\/546"}],"wp:attachment":[{"href":"http:\/\/tedxkas.com\/index.php\/wp-json\/wp\/v2\/media?parent=271"}],"curies":[{"name":"wp","href":"https:\/\/api.w.org\/{rel}","templated":true}]}}